usands digit of 1328717369?
7
What is the ten millions digit of 777605612?
7
What is the hundred thousands digit of 59257782?
2
What is the ten millions digit of 196350990?
9
What is the ten thousands digit of 151143518?
4
What is the hundred thousands digit of 251448049?
4
What is the tens digit of 1720485652?
5
What is the tens digit of 8989587?
8
What is the units digit of 103478015?
5
What is the units digit of 23244237?
7
What is the millions digit of 226992808?
6
What is the units digit of 115739378?
8
What is the ten millions digit of 142266597?
4
What is the ten millions digit of 126604568?
2
What is the ten thousands digit of 1234407473?
0
What is the units digit of 54538580?
0
What is the millions digit of 1087313647?
7
What is the units digit of 18068704?
4
What is the hundreds digit of 61609730?
7
What is the ten thousands digit of 1287186637?
8
What is the ten millions digit of 80434715?
8
What is the ten millions digit of 56144369?
5
What is the units digit of 635996884?
4
What is the hundred millions digit of 184884595?
1
What is the units digit of 1699225802?
2
What is the ten millions digit of 40333383?
4
What is the tens digit of 170384055?
5
What is the units digit of 30823495?
5
What is the ten thousands digit of 1196198399?
9
What is the hundreds digit of 1819878198?
1
What is the ten thousands digit of 629569383?
6
What is the hundred millions digit of 183766749?
1
What is the tens digit of 124622401?
0
What is the tens digit of 16877601?
0
What is the ten millions digit of 426565929?
2
What is the units digit of 28373986?
6
What is the hundreds digit of 42859482?
4
What is the units digit of 1275206459?
9
What is the hundreds digit of 5975826109?
1
What is the ten millions digit of 2497406264?
9
What is the ten millions digit of 24371927?
2
What is the hundreds digit of 1311379197?
1
What is the billions digit of 3416476413?
3
What is the thousands digit of 5841646802?
6
What is the thousands digit of 559594401?
4
What is the tens digit of 1111982749?
4
What is the millions digit of 303759908?
3
What is the hundreds digit of 4613959343?
3
What is the thousands digit of 488828345?
8
What is the hundreds digit of 1652652465?
4
What is the hundred thousands digit of 1178140803?
1
What is the units digit of 5442002130?
0
What is the units digit of 565259949?
9
What is the hundred thousands digit of 10508395?
5
What is the millions digit of 1823154586?
3
What is the hundreds digit of 196377915?
9
What is the thousands digit of 405355134?
5
What is the hundreds digit of 530639446?
4
What is the ten millions digit of 490447367?
9
What is the hundreds digit of 236805893?
8
What is the tens digit of 2003180339?
3
What is the ten thousands digit of 269019520?
1
What is the hundred thousands digit of 53066334?
0
What is the hundreds digit of 1126763390?
3
What is the units digit of 55453344?
4
What is the hundred thousands digit of 144113656?
1
What is the thousands digit of 91814148?
4
What is the ten millions digit of 44480876?
4
What is the tens digit of 168454631?
3
What is the ten thousands digit of 265922019?
2
What is the ten thousands digit of 8600005?
0
What is the units digit of 1010782166?
6
What is the millions digit of 448408927?
8
What is the millions digit of 38874833?
8
What is the tens digit of 523054474?
7
What is the ten thousands digit of 311762143?
6
What is the millions digit of 1443923818?
3
What is the ten millions digit of 413714715?
1
What is the units digit of 3720299046?
6
What is the ten millions digit of 14905226?
1
What is the ten millions digit of 357824367?
5
What is the ten thousands digit of 26671074?
7
What is the millions digit of 46997040?
6
What is the hundreds digit of 791981080?
0
What is the units digit of 864832090?
0
What is the units digit of 5463990?
0
What is the hundred thousands digit of 404405689?
4
What is the thousands digit of 354364898?
4
What is the tens digit of 267339658?
5
What is the units digit of 5094329?
9
What is the hundred millions digit of 2721171455?
7
What is the ten thousands digit of 478427357?
2
What is the tens digit of 3807553534?
3
What is the hundreds digit of 691444?
4
What is the thousands digit of 40436641?
6
What is the thousands digit of 35532528?
2
What is the ten thousands digit of 1231969597?
6
What is the ten thousands digit of 2709370?
0
What is the units digit of 5799654027?
7
What is the tens digit of 297909819?
1
What is the ten thousands digit of 31187107?
8
What is the ten thousands digit of 113116743?
1
What is the hundred thousands digit of 392109262?
1
What is the hundreds digit of 18460961?
9
What is the ten millions digit of 2567113817?
6
What is the tens digit of 997131501?
0
What is the hundreds digit of 189756441?
4
What is the hundred thousands digit of 294996707?
9
What is the hundred millions digit of 753797928?
7
What is the tens digit of 984606404?
0
What is the thousands digit of 665114578?
4
What is the units digit of 58469239?
9
What is the ten millions digit of 64881114?
6
What is the millions digit of 1104500254?
4
What is the hundreds digit of 52600123?
1
What is the hundreds digit of 4305218275?
2
What is the thousands digit of 348288853?
8
What is the ten millions digit of 124151776?
2
What is the hundred millions digit of 1111125706?
1
What is the billions digit of 3863051252?
3
What is the millions digit of 20665180?
0
What is the hundred millions digit of 7670304741?
6
What is the ten millions digit of 590177106?
9
What is the units digit of 129812910?
0
What is the hundred thousands digit of 2654546998?
5
What is the hundreds digit of 201505359?
3
What is the ten millions digit of 2794353123?
9
What is the millions digit of 12569258?
2
What is the ten millions digit of 2349753088?
4
What is the hundred millions digit of 3634941066?
6
What is the hundreds digit of 186319124?
1
What is the units digit of 3396595?
5
What is the ten thousands digit of 357756018?
5
What is the ten millions digit of 35915200?
3
What is the thousands digit of 22958769?
8
What is the hundred thousands digit of 41331097?
3
What is the units digit of 123998507?
7
What is the millions digit of 299408526?
9
What is the tens digit of 332191205?
0
What is the hundred thousands digit of 2082779314?
7
What is the billions digit of 2131577305?
2
What is the hundreds digit of 466112010?
0
What is the millions digit of 8731346?
8
What is the hundred millions digit of 152995769?
1
What is the millions digit of 1323750687?
3
What is the millions digit of 620398316?
0
What is the ten thousands digit of 44826632?
2
What is the hundred millions digit of 734659709?
7
What is the hundred millions digit of 1272075606?
2
What is the tens digit of 198757400?
0
What is the ten thousands digit of 116546271?
4
What is the ten thousands digit of 1475977212?
7
What is the ten millions digit of 101812738?
0
What is the ten millions digit of 631691733?
3
What is the millions digit of 40234868?
0
What is the hundred millions digit of 168400816?
1
What is the millions digit of 1188983285?
8
What is the millions digit of 522117535?
2
What is the ten thousands digit of 720375385?
7
What is the ten millions digit of 1261525766?
6
What is the billions digit of 1169058358?
1
What is the hundred millions digit of 1062851263?
0
What is the hundred thousands digit of 42462568?
4
What is the ten millions digit of 50833511?
5
What is the ten thousands digit of 1481726185?
2
What is the tens digit of 33297677?
7
What is the hundred thousands digit of 84151758?
1
What is the ten thousands digit of 909979555?
7
What is the ten thousands digit of 518683955?
8
What is the thousands digit of 8301056908?
6
What is the hundred thousands digit of 839313138?
3
What is the millions digit of 5124629391?
4
What is the ten thousands digit of 46056636?
5
What is the hundreds digit of 242886392?
3
What is the ten thousands digit of 299131752?
3
What is the tens digit of 419255760?
6
What is the millions digit of 311254371?
1
What is the units digit of 3807658?
8
What is the units digit of 135242106?
6
What is the units digit of 14585704?
4
What is the hundred thousands digit of 198487064?
4
What is the hundred thousands digit of 33841949?
8
What is the hundred thousands digit of 677758899?
7
W